 is the remainder when y is divided by 30?
20
Let f(i) = -4*i**2 - 74*i + 1943. Let a = -8 + 15. Let j(o) = 24*o + 5. Calculate the remainder when j(a) is divided by f(-33).
28
Suppose 859*z = 701*z + 37604. Calculate the remainder when 11422 is divided by z.
236
Let a = -20292 + 20311. What is the remainder when a is divided by 8?
3
Suppose -1346 = -5*m + 4*g, 4*m - 1078 = -140*g + 142*g. Calculate the remainder when m is divided by 16.
14
Suppose -8*b + 3*b + 15 = 0. Suppose q - b = 5. Suppose -u + 9*u = q. What is the remainder when 3 is divided by u?
0
Suppose -634*t + 67296 - 12138 = 0. What is the remainder when t is divided by 8?
7
Let h be 5*(-2)/(-2) - 24/(-12). Let x(g) = -26 + 0*g + h + 16 - 5*g + g**2. What is the remainder when 9 is divided by x(6)?
0
Let s be (-109)/(-3)*(22 + -19). Let y = s + -84. What is the remainder when y is divided by 15?
10
Suppose -2*s - 4*m + 254 = 0, -35*m = -36*m + 5. Let n = 74 - 42. Calculate the remainder when s is divided by n.
21
Let n be -4 + 3 - (54/3)/(-2). Suppose 0 = 3*y - 70 - n. Suppose 30*f - 172 = y*f. Calculate the remainder when f is divided by 11.
10
Let l(h) = 6*h**3 - 2*h**2 + 9*h - 35. Calculate the remainder when l(3) is divided by 29.
20
Calculate the remainder when (-39614)/(-70) - 8/(-10) - (-4)/14 is divided by 26.
21
Let p(d) = -3*d**3 - d**2 + 9*d - 5. Let i be p(4). Let q = -174 - i. What is the remainder when 79 is divided by q?
1
Suppose 0*x = 3*k + 3*x, -x = -k + 10. What is the remainder when 126/(-24)*(-24)/9 is divided by k?
4
Let y(r) = 12*r + 2. Let w = 42 - 40. Let p = 9 - w. What is the remainder when y(2) is divided by p?
5
Suppose -10*v + 13*v - 4*r = 103, 96 = 4*v + 5*r. Let a(c) = -c**2 + 29*c + 29. What is the remainder when 666 is divided by a(v)?
28
Let u = 978 - 738. Suppose -247*p + u*p + 238 = 0. What is the remainder when p is divided by 13?
8
Let g = -444 + 858. Let a = -407 + g. Let i = 20 - -6. What is the remainder when i is divided by a?
5
Let y = -151 - -223. Suppose 2*i - 698 - 156 = m, m = i - 425. Calculate the remainder when i is divided by y.
69
Let y(k) = 402*k - 6600. What is the remainder when 588 is divided by y(17)?
120
Let l be (-18)/9 + (-1 - (-46 + -2)). Suppose 41*b = l*b - 16. Calculate the remainder when 21 is divided by (b - (-4 + 6)) + 4.
3
Let f = 25 + -13. Let c be ((-40)/(-15))/(0 + 8/f). Let x(m) = 6*m + 8. Calculate the remainder when 125 is divided by x(c).
29
Let s(o) = 4*o + 295. Calculate the remainder when s(15) is divided by 107.
34
Suppose 1800 - 1804 = -4*d. Let z(g) = -5*g - 9. What is the remainder when (-97 + 104)*-1*(-7 - d) is divided by z(-6)?
14
Let y(j) = -3274*j + 38. What is the remainder when y(-2) is divided by 12?
10
Suppose 4*x - 7 = -2*k + 1, x = 5*k + 2. Suppose x*l - 3*v = 9 + 13, -3*v - 11 = -l. Calculate the remainder when 75 is divided by l.
9
Suppose -5*b = 40, 274*d - 2*b = 273*d + 66. Let r = 151 + -54. Calculate the remainder when r is divided by d.
47
Suppose -m = -0*m - f - 29, -f + 87 = 3*m. Let n(k) = 283*k - 2829. Calculate the remainder when m is divided by n(10).
0
Suppose -227069 = -924*a + 221*a. Calculate the remainder when a is divided by 9.
8
Let b = 3884 + -3565. What is the remainder when b is divided by 41?
32
Suppose -t - 3*i + 218 = 0, 2*i + 285 + 424 = 3*t. What is the remainder when t is divided by 85?
63
Suppose -9*m + 10492 = -4*m + 3*o, 0 = -o + 4. Suppose 229 = 15*a - m. Calculate the remainder when a is divided by 4.
3
Calculate the remainder when (-620)/(-7) + 6 + 390/(-70) is divided by 75.
14
Let n be 2794/18 + (-10)/45. Suppose 220 = 3*j - n. What is the remainder when j is divided by (-6)/24 + (-106)/(-8) + 3?
13
Calculate the remainder when ((-384)/(-896))/((-1)/(-3787)) is divided by 125.
123
Let q(k) = -2519*k + 5116. What is the remainder when 21525 is divided by q(2)?
75
Suppose q + 3*g = 39, g + 1706 = -5*q + 1761. Let i = 1 - -2. What is the remainder when q is divided by i?
0
Suppose 14*q - 2356 = -368. What is the remainder when q is divided by 130?
12
Suppose 3*k - k = 0. Let h = k + 4. Suppose t = 6*t + h*n - 188, -5*n = -10. What is the remainder when t is divided by 13?
10
Let q = 3107 - 3088. Calculate the remainder when 986 is divided by q.
17
Let v(i) = 35*i - 35. Calculate the remainder when v(10) is divided by 68.
43
Suppose 2*d + 0*n = n + 107, 2*d = -4*n + 102. Suppose 19*k = -a + 74 + 25, 4*a = 5*k + 72. What is the remainder when d is divided by a?
7
Suppose 178*u - 5377 = -1817. Let r = 11 - 7. What is the remainder when 11 is divided by 2/r + u/8?
2
Let d = -6 + 11. Suppose -g = 3*c - 36, 204*c + 138 = 6*g + 209*c. What is the remainder when g is divided by d?
3
Let i(s) = 2*s**3 - 9*s**2 + 7*s - 1. Let x be i(3). Let l be 6770/14 + 4/x. Suppose -9*v - l + 1149 = 0. Calculate the remainder when v is divided by 19.
17
Let d be -3*((-10 - -6) + -17). Suppose -h - 47 = -d. What is the remainder when h is divided by 5?
1
Let b be (132/(-9))/(1/(6/(-4))). Calculate the remainder when (-3 - (0 - -2)) + 1034/b is divided by 22.
20
Suppose -4*r + 3*c = c - 1104, 4*c = 24. What is the remainder when r is divided by 123?
33
Let v = -75 + 78. Let c(z) = -z**2 + 7*z + 23. What is the remainder when c(8) is divided by v?
0
What is the remainder when 1770 is divided by (-12)/(((-2250)/(-370) - 6)*-1)?
142
What is the remainder when -113 + 107 - (-2098)/2 is divided by 60?
23
Let s(o) = -2*o**3 + 3*o**2 + 41*o - 35. Calculate the remainder when 83 is divided by s(4).
34
Let k(y) = 630*y + 719. Calculate the remainder when k(4) is divided by 12.
11
Suppose 3*v + 595 = -5*a, -3*a + 55 = -4*v - 748. Let k be 13/(1690/20) - 457/13. Let r = k - v. Calculate the remainder when r is divided by 12.
9
Let t = -38 - -30. Let z be 6*(1 - (-4)/t). Suppose 5*i = z*j + 110, j = i + 2*j - 22. What is the remainder when 85 is divided by i?
19
Let v = 314 - 309. Suppose 71 = v*q - 544. What is the remainder when q is divided by 34?
21
Suppose -3*a = -15, 2*a - 1121 = 2*d + 565. Let p = -650 - d. What is the remainder when p is divided by 32?
28
Suppose 0 = 2*k + 9*k + 4697. Let y = k + 494. Calculate the remainder when 400 is divided by y.
65
Let f(n) = 14*n - 75. Suppose -15*a - 428 = -19*a. Calculate the remainder when a is divided by f(6).
8
Let f(j) = 226*j**2 + 4*j + 1. Let x be f(2). Let w = 1977 - x. What is the remainder when w is divided by 97?
94
Suppose 0 = -11*c - 17*c + 56. Suppose -2*b - 10 = -p, 5*p - 3*p = c*b + 28. What is the remainder when 31 is divided by p?
13
What is the remainder when (-17)/476*14*(-1 - 693) is divided by 35?
32
What is the remainder when 43 is divided by ((-52)/8)/(2/(-4))?
4
Let g(p) = p**3 + 27*p**2 - 66*p - 33. What is the remainder when g(-22) is divided by 30?
29
Let y = -104 - -430. Let s be 2/3 + 2/12*y. Let b = s + -24. Calculate the remainder when 89 is divided by b.
27
Suppose -26 = 8*o + 62. Let v(p) = -5*p - 41. What is the remainder when 181 is divided by v(o)?
13
Let j(l) = -l**3 - 2*l**2 + 7*l + 6. Suppose -9*k = 55640 - 56855. What is the remainder when k is divided by j(-5)?
43
Let u(r) = -2*r**3 - 11*r**2 - 4*r + 6. Let m be u(-5). What is the remainder when m*((-706)/(-10) + 6/15) is divided by 19?
14
Let j(f) = -36*f + 99. What is the remainder when j(1) is divided by 17?
12
Let o be 78/117 - (-3028)/(-6). What is the remainder when 544 is divided by ((-6)/(-18))/((-4)/o)?
40
What is the remainder when 220 is divided by (-44 + 88)*5*(-2)/(-55)?
4
Let l(w) = 2*w**2 - w. Let d = -162300 + 162455. Calculate the remainder when d is divided by l(-6).
77
Suppose 285*l - 457*l = -345720. What is the remainder when l is divided by 107?
84
Let i be 6/(-2)*(-550)/6. Let n(u) = 193*u + 258. Let q be n(-2). Let z = i + q. What is the remainder when z is divided by 51?
45
Let s(w) = w**3 + 11*w**2 - 25*w + 76. Calculate the remainder when 313 is divided by s(-13).
61
Let a(u) = -4*u + 25. Suppose -5*v + 124 = -4*b, -5*b + 132 = 2*v + 2*v. Calculate the remainder when a(-6) is divided by v.
21
Suppose 4*b - 332 = -0*b. Let z(l) = -2*l**2 + 27*l - 14. What is the remainder when b is divided by z(12)?
17
Let n be (-13)/(4/(5 + 11)). What is the remainder when 107 is divided by ((-18)/(-8) - (-13)/n) + 16?
17
Let s = -4437 -